be z(c). Suppose -6*d - d + 350 = f. What is the greatest common factor of d and 10?
10
Let m be (182/(-39) - -5)/(1/123). What is the greatest common factor of m and 205?
41
Let l = 960 - 684. What is the greatest common factor of 12 and l?
12
Let t be (-420)/(-98) - (-2)/(-7). Suppose -440 = -4*d + t*f, 5*f + 110 = d - 0*f. What is the highest common factor of 10 and d?
10
Let i(j) = j**2 + j. Let l be i(-3). Let q be 1 + -2 + (12 - -13). Calculate the highest common divisor of q and l.
6
Let w be ((-6)/(-2) - 3)/(-1). Suppose i + w*i = 30. What is the greatest common factor of i and 45?
15
Suppose -23*k = 30*k - 3445. Calculate the highest common factor of 91 and k.
13
Let n(x) be the first derivative of x**2 - 2*x - 21. Let g be n(7). Calculate the highest common factor of 24 and g.
12
Let s(t) be the third derivative of -t**5/60 - 11*t**4/24 + 5*t**3/2 - 25*t**2. Let o be s(-12). What is the highest common factor of 15 and o?
3
Let f be 3 + (0 + 3)/(-3). Suppose 4*d - q = -f*q + 38, 3*q = 3*d - 21. What is the greatest common divisor of 18 and d?
9
Let q(y) = 17*y**2 + 4*y - 5. Let v(f) = -16*f**2 - 3*f + 4. Let k(j) = -3*q(j) - 4*v(j). Let l be k(-1). Calculate the greatest common factor of l and 144.
12
Let l(q) = q**3 + 8*q**2 + 3. Let n = -35 + 27. Let y be l(n). Calculate the highest common factor of 9 and y.
3
Let l be 208/36 + (-2)/(-9). Suppose 65 = -l*a - 157. Let x be 6/(-6) + (0 - a). What is the highest common divisor of 4 and x?
4
Let p(f) = 3*f + 51. Let d be p(-9). What is the highest common factor of 184 and d?
8
Suppose -3*q - q + 4 = 0. Let k(c) = c**2 - 6*c + 6. Let m be k(5). Suppose -5*d - 4*u = m, d + u - 8 = -3*d. What is the highest common factor of q and d?
1
Suppose 3*q - 2*c = 8, -2*q + 16 = -q - 4*c. Suppose 4*j = 2*x + 120, -5*j - 2*x = -q*j - 168. Let v = 28 + j. Calculate the greatest common factor of v and 15.
15
Suppose 49136 = -0*u + 74*u. What is the greatest common divisor of u and 8?
8
Let p = -18 + -1. Let m = -8 - p. Calculate the greatest common factor of m and 55.
11
Suppose -123 = -3*i + 66. What is the highest common factor of i and 399?
21
Suppose 0 = -4*q + 3*c + 2*c + 587, 0 = 2*q - 4*c - 298. Let t be (6/(-9))/(4/(-66)). What is the greatest common factor of q and t?
11
Let s = -15 - -14. Let f be -4*(s - (2 + -1)). Suppose 0 = -0*w - w + f. Calculate the greatest common factor of w and 40.
8
Let q(b) = -6 - 7 - 3*b + 18. Suppose 0*f + 5*f + 25 = 0. Let z be q(f). Calculate the greatest common divisor of 30 and z.
10
Suppose r + 5*f - 27 = 0, -r - 3*f - 19 = -42. Let v be ((-748)/(-8))/(1/2). What is the greatest common factor of v and r?
17
Let l(p) = p**3 + 48*p**2 - 52*p - 113. Let g be l(-49). Suppose -j - b - 270 = -3*j, 5*b = 10. What is the greatest common divisor of g and j?
34
Let l(m) = 53*m + 4. Let t(w) = -266*w - 21. Let j(f) = -11*l(f) - 2*t(f). Let u be j(-2). Calculate the highest common factor of u and 40.
20
Suppose -12*f + 188 = -196. Let k = f + -28. Let h be ((-9)/2)/(1/(-8)). What is the highest common factor of h and k?
4
Suppose -z = 5*f - 2 + 1, -z + 4 = 2*f. Suppose s = -x + z, x + 4*s + 5 = 23. Suppose 6 - 4 = o, -3*h + 19 = x*o. What is the highest common factor of 5 and h?
5
Let k be (4/(-6))/(8/(-36)). Let f = -290 - -293. Calculate the highest common divisor of k and f.
3
Suppose -4*y - 2*t = -46, -3*t + 7 = -2*y + 2*t. What is the highest common divisor of 117 and y?
9
Suppose 1276 = -13*u + 24*u. What is the greatest common divisor of u and 145?
29
Suppose -w + 32 = 3*w. Let c = 31 + -15. Suppose -4*v = -6*v + c. Calculate the highest common factor of w and v.
8
Let h(n) = 4*n + 1. Suppose 0 = -2*s + 7*s + 35. Let z(b) = -5*b - 1. Let v(u) = s*h(u) - 6*z(u). Let y be v(6). What is the highest common factor of 55 and y?
11
Let l = -167 - -277. Suppose -3*g - g + 85 = 3*k, -2*g + 43 = k. What is the greatest common divisor of g and l?
22
Suppose 343*n - 346*n + 36 = 0. What is the greatest common divisor of n and 8?
4
Suppose 4*q + 30*q + 26*q - 4800 = 0. Let p = -21 - -31. What is the greatest common divisor of q and p?
10
Let c be (-6)/(-10) + (-252)/(-30). Let q = 19 - c. Let d = 18 + q. What is the highest common factor of d and 4?
4
Let y(a) = 2*a**2 - 17*a - a**2 + 21*a - 13. Let h be y(4). What is the greatest common divisor of 152 and h?
19
Suppose 4*n + 3*k = 23, -3*k + 6 = -9. Suppose 3*u = -4*l + 5, u - 11 + 4 = 4*l. Suppose n*o = 7 - u. What is the highest common factor of o and 14?
2
Suppose -2592 = 10*f - 18*f. Calculate the highest common divisor of 24 and f.
12
Let z be 1 + (-2)/(4/(-14)). Suppose -534 + 798 = 3*p. What is the greatest common divisor of p and z?
8
Suppose 90*i = 87*i, 0 = -5*j - 3*i + 55. What is the highest common factor of j and 737?
11
Suppose -2*o + 18 = 4*j - o, -2*j + 2 = -3*o. Calculate the highest common factor of 164 and j.
4
Let v = 305 - 289. What is the highest common divisor of v and 16?
16
Let v = -22 + 31. Suppose -v = 3*j - 21. What is the highest common divisor of j and 68?
4
Suppose 5*i = 2*i - 4*q + 60, 0 = 4*i - 2*q - 80. What is the greatest common factor of 5 and i?
5
Suppose -3632*k = -3624*k - 192. What is the greatest common divisor of 1416 and k?
24
Suppose 3*g + 98 = 4*u + 14, -28 = -2*u + 5*g. Suppose -18*r = -22*r + 16. Suppose 23 = r*i - 25. Calculate the greatest common factor of u and i.
12
Let r = 13 + -28. Let b = -10 - r. Suppose 4*z = -5*k + 79, 2*z + 3 = b. What is the greatest common divisor of 3 and k?
3
Let r = 1644 + -1591. Calculate the highest common factor of 1643 and r.
53
Let o(k) = 2*k**2 - 3*k + 5. Let x be o(5). Let a = 12 + x. Let m be a/(8/((-16)/(-4))). Calculate the highest common factor of m and 26.
26
Let o = -39 + 34. Let c(a) = a + 10. Let r be c(o). Calculate the highest common factor of 40 and r.
5
Let i be 1847/9 + 4/(-18). Suppose 0 = -6*h - i + 637. Let c(k) = k**2 + 6*k + 2. Let g be c(-7). What is the highest common factor of g and h?
9
Suppose -3*v + 7*v - 132 = 0. Let u = 49 - v. Calculate the highest common factor of 40 and u.
8
Suppose -r - 175 = -3*k + 55, -2*k + 4*r = -150. Calculate the highest common divisor of k and 11.
11
Let l(n) = 23*n**2 + 3*n + 2. Let z be l(-1). Suppose -6*s + 3*s = 5*p - 579, 5*p - 381 = -2*s. What is the highest common divisor of z and s?
22
Let p be ((-1024)/(-3))/(61/183). Calculate the greatest common divisor of 32 and p.
32
Let a = -128 + 224. Let j = -37 + 58. Let f = -9 + j. What is the greatest common divisor of a and f?
12
Let k(t) = -2*t**3 - 10*t**2 - 23*t - 81. Let h be k(-6). Calculate the greatest common divisor of 731 and h.
43
Let o be 0 - (3 - (-54)/(-3)). Suppose 41*q - 36*q = 75. What is the greatest common divisor of o and q?
15
Suppose 0 = 3*q - 40 - 5. Let c be 6/4*(-28)/(-21). Suppose c*w - 12 = -0. What is the greatest common factor of w and q?
3
Suppose -a + 5*n = 17 - 3, -a = 4*n - 22. Suppose 2 = 3*o - 70. Let u = o - 6. What is the highest common divisor of a and u?
6
Let c(l) = 13*l**2 + 106*l + 108. Let j be c(-7). Let r = 47 + 10. What is the greatest common factor of r and j?
3
Let j(q) = 6*q + 70. Suppose -113 = 12*z + 7. Let c be j(z). Calculate the greatest common factor of c and 30.
10
Let v be 45/4 + 10/(-40). Suppose -7*n - 4 = -v*n. Calculate the greatest common divisor of 2 and n.
1
Suppose 2*c - 169 = -5*p + 3, -4*p = 3*c - 139. Let s = 6 + p. Suppose 11 = 2*y + 1. Calculate the greatest common factor of y and s.
5
Let i(p) = -7*p**2 + 3*p - 4. Let t be i(-7). Let q = -3 + 11. Let v be (-2)/q*t/4. Calculate the greatest common factor of 23 and v.
23
Let p be (88/6)/(48/144). What is the highest common divisor of 451 and p?
11
Let g be (48/6 - -614) + -6. Calculate the greatest common factor of 32 and g.
8
Let p be 2*4/(-36) + (-1572)/(-27). Calculate the greatest common divisor of 725 and p.
29
Let o(p) = p**2 - p - 27. Let w be o(5). Let k(q) = 3*q + 25. Let m be k(w). What is the highest common factor of 32 and m?
4
Let z be 49 - 28/21*6/(-4). Let q = 98 - z. Calculate the greatest common factor of q and 517.
47
Let c = -33 - -31. Let n be 5/(-10)*(-4 - c). What is the greatest common divisor of n and 1?
1
Let k(g) = 75*g**2 + 11*g + 4. Let d be k(4). Let v be (-2)/7 + d/56 + 7. Calculat